{"id":129,"date":"2016-09-29T13:36:31","date_gmt":"2016-09-29T16:36:31","guid":{"rendered":"https:\/\/www.shores.com.br\/?page_id=129"},"modified":"2016-09-30T12:57:47","modified_gmt":"2016-09-30T15:57:47","slug":"associados","status":"publish","type":"page","link":"https:\/\/www.shores.com.br\/oiuye4be7ie7ie7bi7\/associados\/","title":{"rendered":"Associados"},"content":{"rendered":"<p>Conhe\u00e7a os associados.<br \/>\n<!--more--><\/p>\n<table>\n<thead>\n<tr class=\"tableizer-firstrow\">\n<th>N\u00ba<\/th>\n<th>EMPRESA<\/th>\n<th>TELEFONE<\/th>\n<th>E-MAIL<\/th>\n<th>SITE<\/th>\n<th>ENDERE\u00c7O<\/th>\n<\/tr>\n<\/thead>\n<tbody>\n<tr>\n<td>1<\/td>\n<td>Hotel Princesa Lou\u00e7\u00e3<\/td>\n<td>(91) 4006-7000<\/td>\n<td><\/td>\n<td><\/td>\n<td>Av. Pres. Vargas, 882 &#8211; Campina, Bel\u00e9m &#8211; PA, 66017-904<\/td>\n<\/tr>\n<tr>\n<td>2<\/td>\n<td>Tulip Inn Batista Campos<\/td>\n<td>(91) 3342 2121<\/td>\n<td>bc.reservas@goldentulip.com.br<\/td>\n<td><a href=\"http:\/\/www.tulipinnbelembatistacampos.com\">www.tulipinnbelembatistacampos.com<\/a><\/td>\n<td>R. Pres. Pernambuco, 116 &#8211; Batista Campos, Bel\u00e9m &#8211; PA, 66015-200<\/td>\n<\/tr>\n<tr>\n<td>3<\/td>\n<td>Tulip Inn Nazar\u00e9<\/td>\n<td>(91) 3321 7177<\/td>\n<td>nz.reservas@goldentulip.com.br<\/td>\n<td><a href=\"http:\/\/www.tulipinnbelemnazare.com\">www.tulipinnbelemnazare.com<\/a><\/td>\n<td>Av. Nazar\u00e9, 569 &#8211; Nazar\u00e9, Bel\u00e9m &#8211; PA, 66035-170<\/td>\n<\/tr>\n<tr>\n<td>4<\/td>\n<td>Hotel Sagres<\/td>\n<td>(91) 4005-0005<\/td>\n<td>reservas@hotelsagres.com\/<br \/>\neventos@hotelsagres.com<\/td>\n<td><a href=\"http:\/\/www.hotelsagres.com\">www.hotelsagres.com<\/a><\/td>\n<td>Av. Gov. Jos\u00e9 Malcher, 2927 &#8211; S\u00e3o Br\u00e1s, Bel\u00e9m &#8211; PA, 66090-100<\/td>\n<\/tr>\n<tr>\n<td>5<\/td>\n<td>Grand Mercure Bel\u00e9m do Par\u00e1<\/td>\n<td>(91) 3202-2000<\/td>\n<td><\/td>\n<td><a href=\"http:\/\/www.grandmercure.com.br\/hotel\/grand-mercure-belem\">www.grandmercure.com.br\/hotel\/grand-mercure-belem<\/a><\/td>\n<td>Avenida Nossa Senhora de Nazar\u00e9, 375, Bel\u00e9m &#8211; PA, 66035-115<\/td>\n<\/tr>\n<tr>\n<td>6<\/td>\n<td>Marujos Restaurante<\/td>\n<td>(91) 3242-4809<\/td>\n<td>marujos@marujos.com.br<\/td>\n<td><a href=\"http:\/\/www.marujos.com.br\">www.marujos.com.br<\/a><\/td>\n<td>Esta\u00e7\u00e3o das Docas, Av. Boulevard Castilho Fran\u00e7a s\/n Terminal Fluvial Tur\u00edstico, loja 04, Bel\u00e9m\/Par\u00e1<\/td>\n<\/tr>\n<tr>\n<td>7<\/td>\n<td>Restaurante Manjar das Gar\u00e7as<\/td>\n<td>(91) 3242-1056<\/td>\n<td>contato@manjardasgarcas.com.br<\/td>\n<td><a href=\"http:\/\/www.manjardasgarcas.com.br\">www.manjardasgarcas.com.br<\/a><\/td>\n<td>\u00a0R. Carneiro da Rocha, Cidade Velha, Bel\u00e9m &#8211; PA, 66020-160<\/td>\n<\/tr>\n<tr>\n<td>8<\/td>\n<td>Hotel Gr\u00e3o Par\u00e1<\/td>\n<td>(91) 3321-2121<\/td>\n<td>reservas@hotelgraopara.com.br<\/td>\n<td><a href=\"http:\/\/www.manjardasgarcas.com.br\">www.hotelgraopara.com.br<\/a><\/td>\n<td>Av. Presidente Vargas 718 &#8211; Bairro Campina, 66013-030<\/td>\n<\/tr>\n<tr>\n<td>9<\/td>\n<td>Hotel ibis budget Belem<\/td>\n<td>(91) 3202-7600<\/td>\n<td><\/td>\n<td><a href=\"http:\/\/www.accorhotels.com\/pt\/hotel-5624-ibis-budget-belem\/index.shtml\">www.accorhotels.com\/pt\/hotel-5624-ibis-budget-belem\/index.shtml<\/a><\/td>\n<td>Av. Jos\u00e9 Bonif\u00e1cio, 244 &#8211; S\u00e3o Br\u00e1s, Bel\u00e9m &#8211; PA, 66090-363<\/td>\n<\/tr>\n<tr>\n<td>10<\/td>\n<td>Hotel ibis Belem Aeroporto<\/td>\n<td>(91) 3344-5650<\/td>\n<td><\/td>\n<td><a href=\"http:\/\/www.accorhotels.com\/pt\/hotel-5631-ibis-belem-aeroporto\/index.shtml\">www.accorhotels.com\/pt\/hotel-5631-ibis-belem-aeroporto\/index.shtml<\/a><\/td>\n<td>\u00a0Av. J\u00falio C\u00e9sar, 1675 &#8211; Val-de-Cans, Bel\u00e9m &#8211; PA, 66613-010<\/td>\n<\/tr>\n<tr>\n<td>11<\/td>\n<td>Saldosa Maloca<\/td>\n<td>\u00a0(91) 98148-8396<\/td>\n<td>contato@saldosamaloca.com.br<\/td>\n<td><a href=\"http:\/\/www.saldosamaloca.com.br\">www.saldosamaloca.com.br<\/a><\/td>\n<td>Ilha do Combu, S\/N &#8211; Guamar, Bel\u00e9m &#8211; PA, 66075-110<\/td>\n<\/tr>\n<tr>\n<td>12<\/td>\n<td>La Madre Ristorante<\/td>\n<td>(91) 3242-8188<\/td>\n<td><\/td>\n<td><\/td>\n<td>Tv. Rui Barbosa, 1440 &#8211; Nazar\u00e9, Bel\u00e9m &#8211; PA, 66035-060<\/td>\n<\/tr>\n<tr>\n<td>13<\/td>\n<td>La Traviata Expresso<\/td>\n<td>(91) 3231-2525<\/td>\n<td><\/td>\n<td><\/td>\n<td>\u00a0Av Almirante Barroso, 4730,\u00a0Souza\u00a0&#8211;\u00a0Bel\u00e9m\u00a0,\u00a0PA\u00a0&#8211;\u00a0Brasil\u00a0&#8211;\u00a066610-000<\/td>\n<\/tr>\n<tr>\n<td>14<\/td>\n<td>Roxy Bar<\/td>\n<td>(91) 3224-4514<\/td>\n<td><\/td>\n<td><a href=\"http:\/\/www.roxybar.com.br\/restaurante\/\">www.roxybar.com.br\/restaurante\/<\/a><\/td>\n<td>\u00a0Av. Sen. Lemos, 231 &#8211; Umarizal, Bel\u00e9m &#8211; PA, 66050-000<\/td>\n<\/tr>\n<tr>\n<td>15<\/td>\n<td>Soft inn Batista Campos<\/td>\n<td>(91) 3323-7171<\/td>\n<td>sibc.reservas@softinn.com.br<\/td>\n<td><a href=\"http:\/\/www.bhghoteis.com.br\/hotel-soft-inn-belem-batista-campos\/\">www.bhghoteis.com.br\/hotel-soft-inn-belem-batista-campos\/<\/a><\/td>\n<td>Av. Gentil Bittencourt, 85, Batista Campos, CEP 66015-140, Bel\u00e9m, PA<\/td>\n<\/tr>\n<tr>\n<td>16<\/td>\n<td>Hotel Regente Bel\u00e9m<\/td>\n<td>(91) 3181-5000<\/td>\n<td>reserva@hregente.com.br<\/td>\n<td><a href=\"http:\/\/www.regentebelem.com.br\">www.regentebelem.com.br<\/a><\/td>\n<td>\u00a0Av. Gov. Jos\u00e9 Malcher, 485 &#8211; Nazar\u00e9, Bel\u00e9m &#8211; PA, 66035-100<\/td>\n<\/tr>\n<tr>\n<td>17<\/td>\n<td>Milleo Lanches<\/td>\n<td>(91) 3230-1446<\/td>\n<td><\/td>\n<td><\/td>\n<td>\u00a0R. Diogo M\u00f3ia, 122 &#8211; Umarizal, Bel\u00e9m &#8211; PA, 66055-170<\/td>\n<\/tr>\n<tr>\n<td>18<\/td>\n<td>Pizza Hut P\u00e1tio Bel\u00e9m<\/td>\n<td>(91) 4006-0000<\/td>\n<td><\/td>\n<td><a href=\"http:\/\/www.pizzahut.com.br\/belem\">www.pizzahut.com.br\/belem<\/a><\/td>\n<td>Shopping Center\u00a0Shopping P\u00e1tio Bel\u00e9mRua Padre Eutiquio, 1078 &#8211; Batista Campos66023-710\u00a0Bel\u00e9m\u00a0(Par\u00e1)<\/td>\n<\/tr>\n<tr>\n<td>19<\/td>\n<td>Pizza Hut Dom Romualdo de Seixas<\/td>\n<td>(91) 4006-0000<\/td>\n<td><\/td>\n<td><a href=\"http:\/\/www.pizzahut.com.br\/belem\">www.pizzahut.com.br\/belem<\/a><\/td>\n<td>Tv. Dom Romualdo de Seixas, 2071 &#8211; Umarizal, Bel\u00e9m &#8211; PA, 66055-200<\/td>\n<\/tr>\n<tr>\n<td>20<\/td>\n<td>China In Box<\/td>\n<td>(91) 3241-0101<\/td>\n<td><\/td>\n<td><a href=\"http:\/\/www.chinainbox.com.br\">www.chinainbox.com.br<\/a><\/td>\n<td>Av. Cmte. Br\u00e1s de \u00c1guiar, 68 &#8211; Nazar\u00e9, Bel\u00e9m &#8211; PA, 66035-000<\/td>\n<\/tr>\n<tr>\n<td>21<\/td>\n<td>Restaurante Avenida<\/td>\n<td>(91) 3223-1777<\/td>\n<td>\u00a0suporte@restauranteavenida.com.br<\/td>\n<td><a href=\"http:\/\/www.restauranteavenida.com.br\">www.restauranteavenida.com.br<\/a><\/td>\n<td>Av. Nazar\u00e9, 1086 &#8211; Nazar\u00e9, Bel\u00e9m &#8211; PA, 66035-145<\/td>\n<\/tr>\n<tr>\n<td>22<\/td>\n<td>La Traviata Ristaurante<\/td>\n<td>(91) 3241-3337<\/td>\n<td><\/td>\n<td><\/td>\n<td>Av. Visc. de Souza Franco, 1454 &#8211; Reduto, Bel\u00e9m &#8211; PA, 66053-000<\/td>\n<\/tr>\n<tr>\n<td>23<\/td>\n<td>Restaurante L\u00e1 em Casa<\/td>\n<td>(91) 3212-5588<\/td>\n<td>restaurante@laemcasa.com<\/td>\n<td><a href=\"http:\/\/www.laemcasa.com\">www.laemcasa.com<\/a><\/td>\n<td>Esta\u00e7\u00e3o das Docas &#8211; Av. Castilho Franca, Galp\u00e3o 2, Loja 4 &#8211; Campina, Bel\u00e9m &#8211; PA, 66010-020<\/td>\n<\/tr>\n<tr>\n<td>24<\/td>\n<td>Pizza Hut Jos\u00e9 Malcher<\/td>\n<td>(91) 4006-0000<\/td>\n<td><\/td>\n<td><a href=\"http:\/\/www.pizzahut.com.br\/belem\">www.pizzahut.com.br\/belem<\/a><\/td>\n<td>Av Governador Jose Malcher, 1099, Nazare, Belem, PA, CEP 66055-260, Brasil<\/td>\n<\/tr>\n<\/tbody>\n<\/table>\n","protected":false},"excerpt":{"rendered":"<p>Conhe\u00e7a os associados.<\/p>\n","protected":false},"author":1,"featured_media":130,"parent":0,"menu_order":0,"comment_status":"closed","ping_status":"closed","template":"","meta":{"footnotes":""},"class_list":["post-129","page","type-page","status-publish","has-post-thumbnail","hentry"],"_links":{"self":[{"href":"https:\/\/www.shores.com.br\/oiuye4be7ie7ie7bi7\/wp-json\/wp\/v2\/pages\/129","targetHints":{"allow":["GET"]}}],"collection":[{"href":"https:\/\/www.shores.com.br\/oiuye4be7ie7ie7bi7\/wp-json\/wp\/v2\/pages"}],"about":[{"href":"https:\/\/www.shores.com.br\/oiuye4be7ie7ie7bi7\/wp-json\/wp\/v2\/types\/page"}],"author":[{"embeddable":true,"href":"https:\/\/www.shores.com.br\/oiuye4be7ie7ie7bi7\/wp-json\/wp\/v2\/users\/1"}],"replies":[{"embeddable":true,"href":"https:\/\/www.shores.com.br\/oiuye4be7ie7ie7bi7\/wp-json\/wp\/v2\/comments?post=129"}],"version-history":[{"count":6,"href":"https:\/\/www.shores.com.br\/oiuye4be7ie7ie7bi7\/wp-json\/wp\/v2\/pages\/129\/revisions"}],"predecessor-version":[{"id":146,"href":"https:\/\/www.shores.com.br\/oiuye4be7ie7ie7bi7\/wp-json\/wp\/v2\/pages\/129\/revisions\/146"}],"wp:featuredmedia":[{"embeddable":true,"href":"https:\/\/www.shores.com.br\/oiuye4be7ie7ie7bi7\/wp-json\/wp\/v2\/media\/130"}],"wp:attachment":[{"href":"https:\/\/www.shores.com.br\/oiuye4be7ie7ie7bi7\/wp-json\/wp\/v2\/media?parent=129"}],"curies":[{"name":"wp","href":"https:\/\/api.w.org\/{rel}","templated":true}]}}